{"id":7,"date":"2012-12-11T14:09:09","date_gmt":"2012-12-11T14:09:09","guid":{"rendered":"http:\/\/memecon.wordpress.com\/?page_id=2"},"modified":"2023-03-29T19:39:59","modified_gmt":"2023-03-29T19:39:59","slug":"about","status":"publish","type":"page","link":"https:\/\/www.memecon.info\/?page_id=7","title":{"rendered":"Impressum\/ Imprint"},"content":{"rendered":"<h2 id=\"imPgTitle\">Impressum Deutsch \/ English (below)<\/h2>\n<div>\n<div id=\"imCell_3\">\n<div id=\"imCellStyleGraphics_3\">memecon\u00ae Consulting Coaching Training, Inhaber Michael Lapp<br \/>\nF\u00fcr den Inhalt dieser Internetseite ist gem. \u00a7 5 TMG verantwortlich:<br \/>\nMichael Lapp Klemmhof 7\u00a0 67433 Neustadt an der Weinstra\u00dfe\u00a0 Deutschland<br \/>\nTelefon: 06321 890 6206\u00a0 Fax: 0180 5060 3489 3497 E-<wbr \/>Mail: <a href=\"mailto:michael.lapp@memecon.com\">michael.lapp@memecon.com<\/a><\/div>\n<div><\/div>\n<p><b><\/b><br \/>\n<b>Postanschrift: <\/b>Memecon Consulting Coaching Training Postfach 810304 D-<wbr \/>70520 Stuttgart Deutschland<br \/>\n<b><\/b><\/p>\n<div><b>Eingetragene Warenzeichen<br \/>\n<a href=\"https:\/\/memecon.info\/wp-content\/uploads\/2012\/12\/logo_meme_90.jpg\"><img loading=\"lazy\" decoding=\"async\" class=\"alignnone size-medium wp-image-63\" src=\"https:\/\/memecon.info\/wp-content\/uploads\/2012\/12\/logo_meme_90-300x132.jpg\" alt=\"logo_meme_73\" width=\"178\" height=\"81\" \/><\/a><\/b><b> <\/b><\/div>\n<div><\/div>\n<div>ist eine beim Deutschen Patent-<wbr \/> und Markenamt eingetragene Wort-<wbr \/>\/ Bildmarke (Markennummer 30 2008 008 714).<\/div>\n<div><\/div>\n<p>&nbsp;<\/p>\n<div>memecon\u00ae ist eine beim Deutschen Patent-<wbr \/> und Markenamt eingetragene Wortmarke (Markennummer 30 2008 042 448).<br \/>\n<b><\/b><\/div>\n<p>&nbsp;<\/p>\n<div><b>Photos: <\/b> Alle Photographien von \u00a9memephoto, ausser: Welle by \u00a9nomirg &#8211;<wbr \/> Fotolia.com<\/div>\n<p>&nbsp;<\/p>\n<div>Alle Rechte vorbehalten. Keine Gew\u00e4hr f\u00fcr Richtigkeit, Vollst\u00e4ndigkeit und Aktualit\u00e4t der zur Verf\u00fcgung gestellten Informationen.<\/div>\n<\/div>\n<\/div>\n<div>\n<div id=\"imCell_5\">\n<div id=\"imCellStyleGraphics_5\"><\/div>\n<div id=\"imCellStyle_5\">\n<div id=\"imTextObject_5\"><b><\/b><br \/>\n<b>1. Haftungsbeschr\u00e4nkung<\/b><b><br \/>\nInhalte dieser Website <\/b>Die Inhalte dieser Website werden mit gr\u00f6\u00dftm\u00f6glicher Sorgfalt erstellt. Der Anbieter \u00fcbernimmt jedoch keine Gew\u00e4hr f\u00fcr die Richtigkeit, Vollst\u00e4ndigkeit und Aktualit\u00e4t der bereitgestellten Inhalte. Die Nutzung der Inhalte der Website erfolgt auf eigene Gefahr des Nutzers. Namentlich gekennzeichnete Beitr\u00e4ge geben die Meinung des jeweiligen Autors und nicht immer die Meinung des Anbieters wieder. <b> Verf\u00fcgbarkeit der Website <\/b>Der Anbieter wird sich bem\u00fchen, den Dienst m\u00f6glichst unterbrechungsfrei zum Abruf anzubieten. Auch bei aller Sorgfalt k\u00f6nnen aber Ausfallzeiten nicht ausgeschlossen werden. Der Anbieter beh\u00e4lt sich das Recht vor, sein Angebot jederzeit zu \u00e4ndern oder einzustellen. <b> Externe Links <\/b>Diese Website enth\u00e4lt Verkn\u00fcpfungen zu Websites Dritter (&#8222;externe Links&#8220;). Diese Websites unterliegen der Haftung der jeweiligen Betreiber. Der Anbieter hat bei der erstmaligen Verkn\u00fcpfung der externen Links die fremden Inhalte daraufhin \u00fcberpr\u00fcft, ob etwaige Rechtsverst\u00f6\u00dfe bestehen. Zu dem Zeitpunkt waren keine Rechtsverst\u00f6\u00dfe ersichtlich. Der Anbieter hat keinerlei Einfluss auf die aktuelle und zuk\u00fcnftige Gestaltung und auf die Inhalte der verkn\u00fcpften Seiten. Das Setzen von externen Links bedeutet nicht, dass sich der Anbieter die hinter dem Verweis oder Link liegenden Inhalte zu Eigen macht. Eine st\u00e4ndige Kontrolle dieser externen Links ist f\u00fcr den Anbieter ohne konkrete Hinweise auf Rechtsverst\u00f6\u00dfe nicht zumutbar. Bei Kenntnis von Rechtsverst\u00f6\u00dfen werden jedoch derartige externe Links unverz\u00fcglich gel\u00f6scht. <b> Werbeanzeigen <\/b>F\u00fcr den Inhalt der Werbeanzeigen ist der jeweilige Autor verantwortlich, ebenso wie f\u00fcr den Inhalt der beworbenen Website. Die Darstellung der Werbeanzeige stellt keine Akzeptanz durch den Anbieter dar. <b> Kein Vertragsverh\u00e4ltnis <\/b>Mit der Nutzung der Website des Anbieters kommt keinerlei Vertragsverh\u00e4ltnis zwischen dem Nutzer und dem Anbieter zustande. Insofern ergeben sich auch keinerlei vertragliche oder quasivertragliche Anspr\u00fcche gegen den Anbieter. <b> <\/b><b><\/b><br \/>\n<b><\/b><br \/>\n<b>2. Urheber-<wbr \/> und Leistungsschutzrechte <\/b><br \/>\nDie auf dieser Website ver\u00f6ffentlichten Inhalte unterliegen dem deutschen Urheber-<wbr \/> und Leistungsschutzrecht. Jede vom deutschen Urheber-<wbr \/> und Leistungsschutzrecht nicht zugelassene Verwertung bedarf der vorherigen schriftlichen Zustimmung des Anbieters oder jeweiligen Rechteinhabers. Dies gilt insbesondere f\u00fcr Vervielf\u00e4ltigung, Bearbeitung, \u00dcbersetzung, Einspeicherung, Verarbeitung bzw. Wiedergabe von Inhalten in Datenbanken oder anderen elektronischen Medien und Systemen. Inhalte und Rechte Dritter sind dabei als solche gekennzeichnet. Die unerlaubte Vervielf\u00e4ltigung oder Weitergabe einzelner Inhalte oder kompletter Seiten ist nicht gestattet und strafbar. Lediglich die Herstellung von Kopien und Downloads f\u00fcr den pers\u00f6nlichen, privaten und nicht kommerziellen Gebrauch ist erlaubt. Links zur Website des Anbieters sind jederzeit willkommen und bed\u00fcrfen keiner Zustimmung durch den Anbieter der Website. Die Darstellung dieser Website in fremden Frames ist nur mit Erlaubnis zul\u00e4ssig. <b> <\/b><br \/>\n<b><\/b><br \/>\n<b>3. Datenschutz <\/b><\/div>\n<div><\/div>\n<div>Die <a href=\"https:\/\/www.memecon.info\/?page_id=1936\">Datenschutzerkl\u00e4rung<\/a> findet sich <a href=\"https:\/\/www.memecon.info\/?page_id=1936\">hier<\/a>.<br \/>\n<b><\/b><br \/>\n<b>4. Anwendbares Recht<\/b><b> <\/b><br \/>\nEs gilt ausschlie\u00dflich das ma\u00dfgebliche Recht der Bundesrepublik Deutschland. <b> <\/b><b>5. Besondere Nutzungsbedingungen <\/b><br \/>\nSoweit besondere Bedingungen f\u00fcr einzelne Nutzungen dieser Website von den vorgenannten Nummern 1. bis 4. abweichen, wird an entsprechender Stelle ausdr\u00fccklich darauf hingewiesen. In diesem Falle gelten im jeweiligen Einzelfall die besonderen Nutzungsbedingungen.<br \/>\nDesweiteren wird ausdr\u00fccklich darauf hingewiesen, dass das kostenlose Angebot, Dateien herunter ausschlie\u00dflich \u00a0f\u00fcr pers\u00f6nliche Zwecke genutzt werden darf. Eine Nutzung f\u00fcr gewerbliche Zwecke &#8211;<wbr \/> insbesondere der Verkauf an Dritte &#8211;<wbr \/> ist untersagt, sofern keine vorheriger schriftliche Genehmigung durch memecon erfolgt ist.<br \/>\n<b><\/b><br \/>\nAuf Grundlage von: <a href=\"http:\/\/www.juraforum.de\" target=\"_blank\" rel=\"noopener noreferrer\">Juraforum.de<\/a><br \/>\n<b><\/b><\/p>\n<div id=\"imPage\">\n<div id=\"imContent\">\n<h2 id=\"imPgTitle\">Imprint English\/ German (above)<\/h2>\n<div>\n<div id=\"imCell_4\">\n<div id=\"imCellStyleGraphics_4\">memecon\u00ae Consulting Coaching Training<br \/>\nFor contents of this Internet site is responsible in accordance with \u00a7 5 TMG:<\/div>\n<div>Michael Lapp Klemmhof 7\u00a0 67433 Neustadt an der Weinstra\u00dfe\u00a0 Deutschland<br \/>\nPhone: 06321 890 6206\u00a0 Fax: 0180 5060 3489 3497 E-<wbr \/>Mail: <a href=\"mailto:michael.lapp@memecon.com\">michael.lapp@memecon.com<\/a><\/div>\n<div><\/div>\n<div id=\"imCellStyle_4\">\n<div id=\"imTextObject_4\"><b><\/b><br \/>\n<b>Postal address <\/b>Memecon Consulting Coaching Training Postfach 810304 D-<wbr \/>70520 Stuttgart Deutschland<br \/>\n<b><\/b><br \/>\n<b>Registered Trademarks<br \/>\n<a href=\"https:\/\/memecon.info\/wp-content\/uploads\/2012\/12\/logo_meme_90.jpg\"><img loading=\"lazy\" decoding=\"async\" class=\"alignnone size-medium wp-image-63\" src=\"https:\/\/memecon.info\/wp-content\/uploads\/2012\/12\/logo_meme_90-300x132.jpg\" alt=\"logo_meme_73\" width=\"150\" height=\"69\" \/><\/a><\/b><br \/>\nis a registrated Wort-<wbr \/>\/ Bildmarke at Deutsches Patent-<wbr \/> und Markenamt (Markennummer 30 2008 008 714).<br \/>\nmemecon\u00ae is a registrated Wort-<wbr \/>\/ Bildmarke at Deutsches Patent-<wbr \/> und Markenam (Markennummer 30 2008 042 448).<br \/>\n<b><\/b><br \/>\n<b>Photos: <\/b> All photography by \u00a9memephoto, except: Wave by \u00a9nomirg &#8211;<wbr \/> Fotolia<br \/>\n<b><\/b><br \/>\n<b><\/b><br \/>\nAll rights reserved. No guarantee for correctness, completeness and timeliness of the provided information.<\/div>\n<\/div>\n<\/div>\n<\/div>\n<div>\n<div id=\"imCell_6\">\n<div id=\"imCellStyleGraphics_6\"><\/div>\n<div id=\"imCellStyle_6\">\n<div><b><\/b><br \/>\n<b>1. Limitation of liability<\/b> <b> <\/b><b><br \/>\nContents of this website<\/b> Contents of this website are provided with greatest possible care. The provider takes no guarantee for the correctness, completeness and timeliness of available contents. The use of contents of this website takes place at one\u2019s own risk. In particular named contributions show the opinion of the respective author and not always the opinion of the provider. <b> Availability of this website<\/b> The provider will strive to offer the service as uninterrupted as possible. Unfortunately with all care however down-<wbr \/>times cannot be excluded. The provider reserves himself the right to change or stop its offer at any time. <b><br \/>\nExternal links<\/b> This website contains linkages to third-<wbr \/>party Websites (&#8222;external links&#8220;). The respective providers are liable for their contents. With the first linkage to the external link of third-<wbr \/>party contents the provider examines whether any law violation exists. At the time no law violation were evident. The provider does not have any influence on the current and future organization and contents of the linked sites. Setting external links does not mean that the provider adopts contents lying behind the references or links as his one\u2019s. Without concrete hints about law violation continuous control of these external links are not reasonable for the provider of this website. However with knowledge of law violation such external links are deleted immediately. <b> Advertisement<\/b> For contents of advertisement the respective author is responsible, just like for contents of the advertised websites. The representation of the advertisement does not represent acceptance by the provider of this website. <b> No contractual relation<\/b> No contractual relation between the user and the provider comes off with the use of this website. To that extent also no contractual or quasi-<wbr \/>contractual requirements result against the provider.<br \/>\n<b><\/b><br \/>\n<b>2<\/b><b>. Copyright \/ Intellectual property rights<\/b><br \/>\nOn this website published contents are subject the German copyright law. Any utilization not certified of the German Copyright require the previous written agreement of the provider or respective right owner. This is valid in particular for duplication, edit, translation, storage, processing and\/or reproduction of contents in data bases or other electronic media and systems. Contents and rights of third parties are labeled as such. The unauthorized duplication or passing on of individual contents or complete sites is not permitted and punishable. Only the production of copies and downloads for the personal, private and not commercial use is permitted.<br \/>\nLinks to this website are at any time welcome and require no agreement by the provider of the website. The representation of this website in external frames is only possible with permission.<br \/>\n<b><\/b><br \/>\n<b>3. Data protection<\/b>You find the <a href=\"https:\/\/www.memecon.info\/?page_id=1936\">Privacy policy here<\/a>.<br \/>\n<b><\/b><br \/>\n<b>4. Applicable right<\/b><br \/>\nIt is exclusively valid the relevant right of the Federal Republic of Germany.<br \/>\n<b><\/b><br \/>\n<b>5. Special use conditions<\/b><br \/>\nAs far as special conditions for individual uses of this website deviate from the aforementioned numbers 1. to 4., it will be expressly mentioned in appropriate place. In this case the special use conditions are valid for this individual case. Additionally, \u00a0it is expressly pointed out that free offers to download files may be used exclusively for personal purposes. A use for commercial purposes &#8211;<wbr \/> in particular sale to third &#8211;<wbr \/> is forbidden, if no previous written approval took place by memecon.<br \/>\n<b><\/b><br \/>\nBased on: <a href=\"http:\/\/www.juraforum.de\" target=\"_blank\" rel=\"noopener noreferrer\">Juraforum.de<\/a><\/div>\n<\/div>\n<\/div>\n<\/div>\n<\/div>\n<\/div>\n<\/div>\n<\/div>\n<\/div>\n<\/div>\n<div class=\"shariff shariff-align-left shariff-widget-align-left\"><ul class=\"shariff-buttons theme-round orientation-horizontal buttonsize-medium\"><li class=\"shariff-button xing shariff-nocustomcolor\" style=\"background-color:#29888a\"><a href=\"https:\/\/www.xing.com\/spi\/shares\/new?url=https%3A%2F%2Fwww.memecon.info%2F%3Fpage_id%3D7\" title=\"Bei XING teilen\" aria-label=\"Bei XING teilen\" role=\"button\" rel=\"noopener nofollow\" class=\"shariff-link\" style=\"; background-color:#126567; color:#fff\" target=\"_blank\"><span class=\"shariff-icon\" style=\"\"><svg width=\"32px\" height=\"20px\" xmlns=\"http:\/\/www.w3.org\/2000\/svg\" viewBox=\"0 0 25 32\"><path fill=\"#126567\" d=\"M10.7 11.9q-0.2 0.3-4.6 8.2-0.5 0.8-1.2 0.8h-4.3q-0.4 0-0.5-0.3t0-0.6l4.5-8q0 0 0 0l-2.9-5q-0.2-0.4 0-0.7 0.2-0.3 0.5-0.3h4.3q0.7 0 1.2 0.8zM25.1 0.4q0.2 0.3 0 0.7l-9.4 16.7 6 11q0.2 0.4 0 0.6-0.2 0.3-0.6 0.3h-4.3q-0.7 0-1.2-0.8l-6-11.1q0.3-0.6 9.5-16.8 0.4-0.8 1.2-0.8h4.3q0.4 0 0.5 0.3z\"\/><\/svg><\/span><\/a><\/li><li class=\"shariff-button linkedin shariff-nocustomcolor\" style=\"background-color:#1488bf\"><a href=\"https:\/\/www.linkedin.com\/sharing\/share-offsite\/?url=https%3A%2F%2Fwww.memecon.info%2F%3Fpage_id%3D7\" title=\"Bei LinkedIn teilen\" aria-label=\"Bei LinkedIn teilen\" role=\"button\" rel=\"noopener nofollow\" class=\"shariff-link\" style=\"; background-color:#0077b5; color:#fff\" target=\"_blank\"><span class=\"shariff-icon\" style=\"\"><svg width=\"32px\" height=\"20px\" xmlns=\"http:\/\/www.w3.org\/2000\/svg\" viewBox=\"0 0 27 32\"><path fill=\"#0077b5\" d=\"M6.2 11.2v17.7h-5.9v-17.7h5.9zM6.6 5.7q0 1.3-0.9 2.2t-2.4 0.9h0q-1.5 0-2.4-0.9t-0.9-2.2 0.9-2.2 2.4-0.9 2.4 0.9 0.9 2.2zM27.4 18.7v10.1h-5.9v-9.5q0-1.9-0.7-2.9t-2.3-1.1q-1.1 0-1.9 0.6t-1.2 1.5q-0.2 0.5-0.2 1.4v9.9h-5.9q0-7.1 0-11.6t0-5.3l0-0.9h5.9v2.6h0q0.4-0.6 0.7-1t1-0.9 1.6-0.8 2-0.3q3 0 4.9 2t1.9 6z\"\/><\/svg><\/span><\/a><\/li><li class=\"shariff-button facebook shariff-nocustomcolor\" style=\"background-color:#4273c8\"><a href=\"https:\/\/www.facebook.com\/sharer\/sharer.php?u=https%3A%2F%2Fwww.memecon.info%2F%3Fpage_id%3D7\" title=\"Bei Facebook teilen\" aria-label=\"Bei Facebook teilen\" role=\"button\" rel=\"nofollow\" class=\"shariff-link\" style=\"; background-color:#3b5998; color:#fff\" target=\"_blank\"><span class=\"shariff-icon\" style=\"\"><svg width=\"32px\" height=\"20px\" xmlns=\"http:\/\/www.w3.org\/2000\/svg\" viewBox=\"0 0 18 32\"><path fill=\"#3b5998\" d=\"M17.1 0.2v4.7h-2.8q-1.5 0-2.1 0.6t-0.5 1.9v3.4h5.2l-0.7 5.3h-4.5v13.6h-5.5v-13.6h-4.5v-5.3h4.5v-3.9q0-3.3 1.9-5.2t5-1.8q2.6 0 4.1 0.2z\"\/><\/svg><\/span><\/a><\/li><li class=\"shariff-button flipboard shariff-nocustomcolor\" style=\"background-color:#373737\"><a href=\"https:\/\/share.flipboard.com\/bookmarklet\/popout?v=2&title=Impressum%2F%20Imprint&url=https%3A%2F%2Fwww.memecon.info%2F%3Fpage_id%3D7\" title=\"Bei Flipboard teilen\" aria-label=\"Bei Flipboard teilen\" role=\"button\" rel=\"noopener nofollow\" class=\"shariff-link\" style=\"; background-color:#f52828; color:#fff\" target=\"_blank\"><span class=\"shariff-icon\" style=\"\"><svg width=\"24px\" height=\"24px\" xmlns=\"http:\/\/www.w3.org\/2000\/svg\" viewBox=\"0 0 24 24\"><path fill=\"#f52828\" d=\"M0 0h8v24H0V0zm9 9h7v7H9V9zm0-9h15v8H9V0z\"\/><\/svg><\/span><\/a><\/li><li class=\"shariff-button twitter shariff-nocustomcolor\" style=\"background-color:#595959\"><a href=\"https:\/\/twitter.com\/share?url=https%3A%2F%2Fwww.memecon.info%2F%3Fpage_id%3D7&text=Impressum%2F%20Imprint\" title=\"Bei X teilen\" aria-label=\"Bei X teilen\" role=\"button\" rel=\"noopener nofollow\" class=\"shariff-link\" style=\"; background-color:#000; color:#fff\" target=\"_blank\"><span class=\"shariff-icon\" style=\"\"><svg width=\"32px\" height=\"20px\" xmlns=\"http:\/\/www.w3.org\/2000\/svg\" viewBox=\"0 0 24 24\"><path fill=\"#000\" d=\"M14.258 10.152L23.176 0h-2.113l-7.747 8.813L7.133 0H0l9.352 13.328L0 23.973h2.113l8.176-9.309 6.531 9.309h7.133zm-2.895 3.293l-.949-1.328L2.875 1.56h3.246l6.086 8.523.945 1.328 7.91 11.078h-3.246zm0 0\"\/><\/svg><\/span><\/a><\/li><\/ul><\/div>","protected":false},"excerpt":{"rendered":"<p>Impressum Deutsch \/ English (below) memecon\u00ae Consulting Coaching Training, Inhaber Michael Lapp F\u00fcr den Inhalt dieser Internetseite ist gem. \u00a7 5 TMG verantwortlich: Michael Lapp Klemmhof 7\u00a0 67433 Neustadt an der Weinstra\u00dfe\u00a0 Deutschland Telefon: 06321 890 6206\u00a0 Fax: 0180 5060 3489 3497 E-Mail: michael.lapp@memecon.com Postanschrift: Memecon Consulting Coaching Training Postfach 810304 D-70520 Stuttgart Deutschland Eingetragene Warenzeichen ist eine beim Deutschen Patent- und Markenamt eingetragene Wort-\/ Bildmarke (Markennummer 30 2008 008 714). &nbsp; memecon\u00ae ist eine beim Deutschen Patent- und Markenamt eingetragene Wortmarke (Markennummer 30 2008 042 448). &nbsp; Photos: Alle Photographien von \u00a9memephoto, ausser: Welle by \u00a9nomirg &#8211; Fotolia.com &nbsp; Alle Rechte vorbehalten. Keine Gew\u00e4hr f\u00fcr Richtigkeit, Vollst\u00e4ndigkeit und Aktualit\u00e4t [&hellip;]<\/p>\n","protected":false},"author":2,"featured_media":0,"parent":0,"menu_order":0,"comment_status":"closed","ping_status":"closed","template":"","meta":{"_crdt_document":"","footnotes":""},"class_list":["post-7","page","type-page","status-publish","hentry"],"aioseo_notices":[],"_links":{"self":[{"href":"https:\/\/www.memecon.info\/index.php?rest_route=\/wp\/v2\/pages\/7","targetHints":{"allow":["GET"]}}],"collection":[{"href":"https:\/\/www.memecon.info\/index.php?rest_route=\/wp\/v2\/pages"}],"about":[{"href":"https:\/\/www.memecon.info\/index.php?rest_route=\/wp\/v2\/types\/page"}],"author":[{"embeddable":true,"href":"https:\/\/www.memecon.info\/index.php?rest_route=\/wp\/v2\/users\/2"}],"replies":[{"embeddable":true,"href":"https:\/\/www.memecon.info\/index.php?rest_route=%2Fwp%2Fv2%2Fcomments&post=7"}],"version-history":[{"count":2,"href":"https:\/\/www.memecon.info\/index.php?rest_route=\/wp\/v2\/pages\/7\/revisions"}],"predecessor-version":[{"id":4266,"href":"https:\/\/www.memecon.info\/index.php?rest_route=\/wp\/v2\/pages\/7\/revisions\/4266"}],"wp:attachment":[{"href":"https:\/\/www.memecon.info\/index.php?rest_route=%2Fwp%2Fv2%2Fmedia&parent=7"}],"curies":[{"name":"wp","href":"https:\/\/api.w.org\/{rel}","templated":true}]}}